ens digit of i(t)?
3
Let s = 1004 + 47. What is the units digit of s?
1
Suppose -2*v - 154 = -16*v. Suppose 4*i - v*i = -679. What is the tens digit of i?
9
Let y be 4/(-14) + 112/49. Suppose -5*u + 285 = 5*p, 173 = -p + 4*p + y*u. What is the tens digit of p?
5
Suppose -6*d - 4*d = -3920. What is the hundreds digit of d?
3
Let s(u) = u**2 - 6*u - 34. Let w be s(10). Suppose -3*q - 111 = -z, -3*q - 143 - 91 = -2*z. Suppose 9*y = w*y + z. What is the tens digit of y?
4
Let f = 154 - 152. Suppose -631 = -f*p - k, 0 = -p - 3*k - 64 + 392. What is the units digit of p?
3
Suppose -6*q + 608 = -2134. What is the units digit of q?
7
What is the tens digit of ((3/(-2))/(-3))/((-5)/(-6960))?
9
Suppose -27*q = -31*q + 660. What is the units digit of q?
5
Let k = -57 + 51. Let p(m) = m**2 + 9*m + 29. What is the tens digit of p(k)?
1
Let n(s) = s**3 + s**2 - s + 5. Let h be -1 + (4/(-4))/(-1). Let r be n(h). What is the units digit of -2 - -36 - (r + -2)?
1
Let k(m) = 3*m**2 - 5*m + 84. What is the thousands digit of k(27)?
2
Suppose 2*d - 311 = 1027. What is the tens digit of d?
6
Let c(v) = -11*v + 2. Let y = 95 + 105. Let l be 2/8 - y/32. What is the units digit of c(l)?
8
Let y = 334 + -36. What is the units digit of y?
8
Let u(y) = 3*y**2 - 6*y + 1. Let q = -10 - -13. Let j be u(q). Let c(w) = 6*w - 13. What is the tens digit of c(j)?
4
Let o = -25 + 30. Suppose 433 = o*z + h + h, -5*z - h = -434. What is the tens digit of z?
8
Let g be (9/27)/((-2)/(-24)) + 73. Let b = g - -19. What is the tens digit of b?
9
What is the units digit of 611 - 4 - 5/5*-1?
8
Let o = 310 - -68. What is the units digit of o?
8
Suppose 9499 = 17*h - 54710. What is the thousands digit of h?
3
Let m be (-7)/((-28)/16) + 14. Suppose 2*z = 0, -4*z + 198 - m = 4*l. What is the tens digit of l?
4
Suppose -7082 = -5*d - 5*u + 4633, 2331 = d + 5*u. What is the units digit of d?
6
Suppose 10*b + 31735 = 21*b. What is the tens digit of b?
8
Let d(j) = 15*j - 126. What is the units digit of d(14)?
4
What is the units digit of 8*1/2*685/10?
4
Let g(i) = 3*i + 17. Let l = 16 - 21. Let u be g(l). Suppose -2*h + 144 = u*h. What is the tens digit of h?
3
Let h = 20 - -70. Suppose -x - h + 21 = -u, 0 = -3*u - 2*x + 182. What is the units digit of u?
4
Suppose -2*n + 66*n - 51776 = 0. What is the hundreds digit of n?
8
Suppose s + 2 = -2*m, 0 = -5*s + 2*m - 5*m + 25. Suppose -7*n + s = -3*n. Suppose -3*o = -4*o - n*v + 4, o = -3*v + 1. What is the units digit of o?
0
Let j = -10 + 28. Let u = 5 + j. Let h = 59 - u. What is the units digit of h?
6
Let q = 14 - -25. What is the tens digit of (-1 - 4) + (q - -1)?
3
Suppose -8*u = -3*u + 4*j - 13, 2*u + 3*j = 1. Suppose -5*s - z - z = -630, -487 = -4*s - u*z. What is the units digit of s?
8
Suppose -7*k + r + 19 = -4*k, r = -4*k + 23. Suppose -k*a = -a - 105. What is the units digit of a?
1
Let k be (-3)/2*(-24)/9. Let a = -1 + k. What is the units digit of a?
3
Let a(d) = -91*d**3 - 4*d - 3. Let f be a(-1). Suppose -f*q + 97*q - 70 = 0. What is the tens digit of q?
1
Let p(t) = -6*t - 1. Let d be p(-1). Suppose -c + 41 = 2*x, 0 = d*c - x + 4*x - 233. What is the units digit of c?
9
Suppose 7*f - 4*f = 108. What is the tens digit of f?
3
Suppose 11*t = 702 + 1520. What is the hundreds digit of t?
2
Suppose -3*j + 6 = -j. Let p be (-8)/24 - ((-218)/6 + -3). Suppose 3*w + p = j*i, w + 52 = 4*i + 6. What is the units digit of i?
1
Suppose -c + 1559 = 3*h, -c + 398 = 5*h - 1163. What is the units digit of c?
6
Suppose -3*b + 122 - 26 = 0. Suppose u + 2*u - b = -f, -5*f + 177 = -2*u. What is the tens digit of f?
3
What is the thousands digit of 22266/6 + -2*(-14)/4?
3
Suppose -8*o = -6 - 26. Suppose 4*s = o*j - 132, -j + 3*s - 27 = -64. What is the tens digit of j?
3
Suppose 2*k + 359 = v, v - 2*k = 3*k + 350. Suppose -5*i = -0*i - v. What is the units digit of i?
3
Let n = -240 - -415. What is the hundreds digit of n?
1
Suppose 5*n - 960 = -2*d, -3*d + 2*n - 4*n = -1440. What is the tens digit of -2 + ((d/2)/3 - 3)?
7
Let t be 1 + (3 - (1 + -2)). Suppose 0 = -4*f - 4*g + 176, 3 + t = -4*g. What is the units digit of f?
6
Suppose 2079 = 6*a - 2487. What is the tens digit of a?
6
Let p(o) = -29*o**3 + 7*o**2 + 6*o + 9. What is the hundreds digit of p(-5)?
7
Let n(c) be the second derivative of -c**5/20 - c**4 + c**3/3 + 13*c**2/2 - 8*c. Let j be n(-12). Let o = j + 17. What is the units digit of o?
6
Suppose 0 = -n + 10*n - 4554. What is the tens digit of n?
0
What is the units digit of ((-2584)/(-57))/((-2)/(-27))?
2
Let m = -44 + 40. What is the units digit of (656/m)/2*1/(-2)?
1
Let j(k) = -k**3 + 7*k**2 + 9*k - 6. Let a be j(8). Suppose -c - a*c + 6 = 0. Suppose 3*v - c = 7. What is the units digit of v?
3
Let j(o) = o**2 + 9*o - 22. Let t be j(-11). Suppose 0 = -2*z - p + 30, -3*z + t*z - 3*p = -45. What is the units digit of z?
5
Let r be (-1)/((-1)/6*2). Suppose -2*u - 177 = -6*u + r*t, 0 = -2*t + 10. Suppose 0 = 5*n - 7*n + u. What is the units digit of n?
4
Suppose 3*p = -0*f + 5*f - 13, -3*p = 3*f - 3. Let c = -7 + f. Let s = 24 + c. What is the units digit of s?
9
Let k(s) = -31*s**3 - 2*s**2 - s. Let c be k(-1). Let z be (66/(-5))/((-6)/c). Let v = z + -41. What is the tens digit of v?
2
Suppose 0 = -2*o - 3*t + 9, -2*o + 5*t - t = -44. Let i be o/(-9)*996/(-8). Suppose 3*d = -6, -4*g + g = -2*d - i. What is the tens digit of g?
5
Let c = -34 - -17. Let m = 29 + c. What is the tens digit of m?
1
Let k = -28 - -41. Suppose k*b - 8 = 9*b. Suppose 3*s - b*w = -0*w + 66, -2*s - 4*w + 44 = 0. What is the units digit of s?
2
Let c(i) = 36 - 37*i + 12*i + 16*i. What is the units digit of c(-8)?
8
Suppose -4*f - 2*b - 3*b = 25, -3*b - 15 = 0. Suppose f = u + 2*u - 534. What is the tens digit of u?
7
Let n be 5 + 0/(-2 - 0). Let l(i) = 5 - 4 - 6 + i**2. What is the units digit of l(n)?
0
Suppose 5*f + 204 + 1196 = 5*v, -836 = 3*f - 5*v. Let p = -126 - f. What is the units digit of p?
6
Let l(f) = 100*f + 200. What is the units digit of l(9)?
0
Let v(l) = l**2 - 17*l + 16. Let t be v(16). Let w be t - (3 - 4 - 4). Suppose -81 = -w*c + 254. What is the units digit of c?
7
Let h(x) = -15*x - 11. Let b be h(5). Let c = -48 - b. What is the units digit of c?
8
Suppose 0 = 5*q + 74 - 394. Let a = 103 - q. What is the units digit of a?
9
Let k = 531 + -281. Let o = 436 - k. What is the hundreds digit of o?
1
Suppose -6*g = -8*g + 10. Suppose 240 = 4*n - t - 217, 0 = g*n - 4*t - 563. What is the units digit of n?
5
Let a(i) be the second derivative of i**4/3 - i**3/6 + i**2 + 2*i. Let t be a(-2). Suppose 0 = -d + t + 5. What is the tens digit of d?
2
Suppose 5 = -z + 11. Suppose z*j + 37 = 7*j. What is the units digit of j?
7
Let g(w) = -71*w**3 + w. Let s(m) = -m - 5. Let k be s(-6). Let t be g(k). What is the units digit of t/(-8) + (-3)/4?
8
Suppose -51827 = -38*g + 34053. What is the tens digit of g?
6
What is the hundreds digit of (-1 - -225*1) + -8?
2
Suppose 3*d = 21*d + 612. What is the units digit of d/4*11/(110/(-340))?
9
Suppose 5*i + 10 = 10*i. Suppose 3*q - 53 = -4*x + i*x, 5*x - 73 = -4*q. What is the tens digit of q?
1
Let k = 7 - -301. What is the tens digit of k?
0
Let t(f) = -f**3 + 6*f**2 + 3. Let q be t(3). Let r = q - -14. What is the units digit of r?
4
What is the units digit of (-156)/26*101/(-3)?
2
Suppose -12*m + 15*m - 5*q = 6328, -3*m = q - 6334. What is the tens digit of m?
1
Let o = 2383 - -3038. What is the units digit of o?
1
Suppose 5405 = 2*s + 3*s. Let p = -1561 + s. What is the units digit of p/(-27) + (-8)/(-36)?
8
Suppose 16 = 4*d, 5*q + 38 = -3*d - 0*d. Let a be 195/q*(-80)/12. Let y = a + -89. What is the units digit of y?
1
Suppose -3*o + o + 60 = 0. Let u be ((-380)/o)/((-2)/3). Suppose 2*a - u = 7. What is the units digit of a?
3
Let c(p) = -1. Let y(f) = -f - 20. Let v(k) = -6*c(k) + y(k). Suppose 3*u - 5*q = -28, 5*q + 68 = -2*u - u. What is the units digit of v(u)?
2
Let i(j) = 8*j + 3. Let z be (-4)/(-2) + (7 - 5). What is the tens digit of i(z)?
3
Let p(l) = 8*l**2 + 2*l - 7. Let c be p(-3). Let z = 88 - c. What is the units digit of z?
9
Let n be (1 - 2) + (-107 - (-14)/7). Let w = n - -192. What is the units digit of w?
6
Let q be 3 + 0 - (-14)/(-1). Let z(w) = w**3 + 10*w**2 - 14*w + 16. What is the